20627?
True
Does 1202 divide 321325327?
False
Is 455011520 a multiple of 3?
False
Is 116782380 a multiple of 6446?
False
Is 112344439 a multiple of 143?
False
Is 191 a factor of 6773753?
False
Does 33 divide 12236829?
True
Does 8 divide 52784273?
False
Does 81 divide 304279629?
False
Is 3409 a factor of 131863090?
False
Is 31640539 a multiple of 551?
False
Is 26 a factor of 17975304?
False
Does 119 divide 20290713?
False
Does 13 divide 3117121670?
True
Is 81230884 a multiple of 1882?
True
Does 36 divide 98526551?
False
Is 1651575 a multiple of 915?
True
Is 4 a factor of 11795707?
False
Does 270 divide 2158380?
True
Is 11300283 a multiple of 2?
False
Is 2596 a factor of 247955755?
False
Does 31 divide 34509324?
True
Is 20466676 a multiple of 7?
False
Is 5 a factor of 34089793?
False
Is 2402406538 a multiple of 469?
True
Is 17 a factor of 39028479?
False
Does 8 divide 54890742?
False
Is 27021106 a multiple of 4?
False
Is 488228916 a multiple of 806?
False
Is 415028593 a multiple of 67?
False
Does 12 divide 60625310?
False
Is 8283246 a multiple of 6?
True
Does 9 divide 2066410463?
False
Does 547 divide 25928347?
True
Is 581926521 a multiple of 3?
True
Is 13 a factor of 4004537725?
False
Is 256 a factor of 255799808?
True
Is 18 a factor of 118575954?
True
Is 41751316 a multiple of 7?
False
Does 37 divide 461625270?
False
Is 150269454 a multiple of 12?
False
Is 47381289 a multiple of 8?
False
Is 116928693 a multiple of 1897?
False
Is 25 a factor of 39512975?
True
Is 2286522 a multiple of 54?
True
Is 6605790 a multiple of 155?
True
Is 2150522305 a multiple of 10600?
False
Does 36 divide 55590768?
True
Is 16017 a factor of 524284461?
True
Does 144 divide 1729039432?
False
Does 8 divide 40049805?
False
Is 10 a factor of 11066638?
False
Is 274377375 a multiple of 940?
False
Does 337 divide 73765593?
True
Is 66 a factor of 23514282?
True
Is 218 a factor of 103493399?
False
Is 343919757 a multiple of 573?
True
Does 3373 divide 50133901?
False
Does 50 divide 12172950?
True
Is 90386384 a multiple of 5368?
True
Does 10 divide 408547768?
False
Is 144 a factor of 378348480?
True
Is 531 a factor of 14034861?
True
Is 123790868 a multiple of 223?
True
Is 176 a factor of 35226048?
True
Is 106890930 a multiple of 530?
True
Does 821 divide 140476384?
True
Is 417 a factor of 18773362?
False
Does 1142 divide 49406822?
False
Is 108795814 a multiple of 4?
False
Is 446054374 a multiple of 130?
False
Is 133965052 a multiple of 13?
True
Is 56 a factor of 334369224?
True
Is 391 a factor of 81690759?
False
Does 140 divide 56678020?
True
Does 134 divide 3314385?
False
Is 58 a factor of 7783295?
False
Is 25 a factor of 145689307?
False
Does 60 divide 64875704?
False
Is 12697288 a multiple of 457?
True
Is 42 a factor of 11162238?
False
Is 9624195 a multiple of 35?
True
Does 12 divide 10929324?
True
Does 20 divide 66536815?
False
Does 56 divide 134347979?
False
Does 18 divide 2456256274?
False
Is 59805643 a multiple of 60?
False
Does 10 divide 61477264?
False
Is 19047146 a multiple of 521?
False
Is 931 a factor of 67385780?
True
Is 141355230 a multiple of 1370?
True
Is 205 a factor of 162119945?
True
Is 98 a factor of 995870107?
False
Does 116 divide 10864710?
False
Does 134 divide 173736360?
True
Is 1292054712 a multiple of 579?
True
Is 378704753 a multiple of 8?
False
Does 5 divide 10455028?
False
Is 242725358 a multiple of 30?
False
Is 727 a factor of 1129645315?
True
Is 1064 a factor of 8837749?
False
Is 297966083 a multiple of 12?
False
Is 575 a factor of 561101714?
False
Does 46 divide 316213338?
True
Is 17689763 a multiple of 73?
False
Does 361 divide 6388679?
False
Does 51 divide 9225951?
True
Is 49690731 a multiple of 463?
False
Is 4172691 a multiple of 10?
False
Does 28 divide 620155371?
False
Is 82 a factor of 1338581858?
True
Does 1283 divide 1044990670?
True
Is 32066038 a multiple of 18?
False
Is 6085 a factor of 433577092?
False
Does 232 divide 2995301817?
False
Is 2 a factor of 233565?
False
Does 21 divide 245422464?
True
Does 35 divide 8829783?
False
Is 41797854 a multiple of 2898?
True
Is 47 a factor of 107011815?
False
Is 1270 a factor of 4357370?
True
Does 2034 divide 1161721134?
True
Does 87 divide 180609579?
False
Does 92 divide 1257052002?
False
Is 372882 a multiple of 40?
False
Does 30 divide 19206209?
False
Is 23130220 a multiple of 608?
False
Does 112 divide 72060128?
True
Is 143477331 a multiple of 527?
True
Is 3096 a factor of 1118798424?
True
Is 19 a factor of 25180201?
False
Is 2881 a factor of 3940651912?
False
Is 18 a factor of 7859565?
False
Is 183 a factor of 3585618570?
False
Is 948 a factor of 110809824?
True
Does 8 divide 53528365?
False
Does 535 divide 10164032?
False
Does 56 divide 283752?
True
Is 13530824 a multiple of 109?
True
Is 31784097 a multiple of 97?
False
Does 1398 divide 26180346?
True
Does 83 divide 141556500?
True
Is 1564237458 a multiple of 42?
True
Is 718 a factor of 576743552?
True
Is 6 a factor of 41242680?
True
Is 492380800 a multiple of 40?
True
Is 7780 a factor of 909108560?
True
Is 12745186 a multiple of 2380?
False
Is 26393830 a multiple of 2?
True
Is 3153940 a multiple of 197?
False
Is 6584628 a multiple of 218?
False
Is 139 a factor of 2013172834?
False
Is 1909 a factor of 714712419?
True
Is 24 a factor of 13577383?
False
Does 62 divide 150997218?
True
Is 384 a factor of 11387093?
False
Is 5075 a factor of 503027441?
False
Is 194819971 a multiple of 43?
True
Is 3 a factor of 9369234?
True
Is 4920079864 a multiple of 1841?
True
Does 208 divide 16826160?
True
Is 43133741 a multiple of 1757?
False
Does 91 divide 8418228?
True
Is 12 a factor of 3194469?
False
Is 176249205 a multiple of 1089?
True
Is 1448300854 a multiple of 2782?
True
Is 129 a factor of 98296830?
False
Does 940 divide 165857057?
False
Is 145558297 a multiple of 1843?
True
Is 19 a factor of 259835367?
False
Does 24 divide 23976816?
True
Does 4073 divide 77757643?
True
Does 8 divide 17044731?
False
Does 102 divide 138456229?
False
Is 1808 a factor of 99987824?
True
Is 170 a factor of 310690766?
False
Does 235 divide 142570715?
False
Is 12674224 a multiple of 6?
False
Is 31350599 a multiple of 3?
False
Is 18 a factor of 709941271?
False
Is 297586528 a multiple of 49?
False
Is 1291 a factor of 29473281?
False
Is 309 a factor of 227054072?
False
Does 59 divide 140018790?
False
Is 27 a factor of 35159805?
True
Is 27 a factor of 1572643?
False
Is 65868321 a multiple of 270?
False
Is 353310012 a multiple of 14?
False
Is 3464239904 a multiple of 14288?
True
Is 57907478 a multiple of 1923?
False
Is 219 a factor of 117693987?
False
Is 605 a factor of 42037309?
False
Does 10 divide 133382000?
True
Is 2 a factor of 1095165649?
False
Is 273126923 a multiple of 1516?
False
Is 5594538 a multiple of 314?
True
Is 248483884 a multiple of 44?
True
Is 3 a factor of 108565712?
False
Is 340 a factor of 664551760?
True
Does 17 divide 1341376313?
True
Is 190 a factor of 71620310?
True
Does 1374 divide 47932413?
False
Does 175 divide 21610750?
True
Is 152067580 a multiple of 98?
True
Is 28281022 a multiple of 1295?
False
Is 57009074 a multiple of 26?
False
Does 19 divide 985442509?
False
Does 40 divide 2707840?
True
Is 40 a factor of 17863560?
True
Is 25 a factor of 41101275?
True
Is 303 a factor of 175850964?
False
Is 3476 a factor of 298788563?
False
Does 133 divide 199050194?
True
Does 3 divide 147315423?
True
Does 5 divide 239786250?
True
Does 818 divide 98865934?
True
Does 223 divide 834433442?
True
Is 317501206 a multiple of 1358?
False
Is 8 a factor of 4419094?
False
Is 2 a factor of 3650483?
False
Does 14268 divide 1842577318?
False
Is 25319275 a multiple of 8?
False
Is 16184016 a multiple of 48?
True
Does 3946 divide 657805931?
False
Is 84763825 a multiple of 59?
True
Is 77683582 a multiple of 467?
True
Is 6258768 a multiple of 2575?
False
Does 2 divide 306215961?
False
Is 290 a factor of 1133779360?
True
Is 266477310 a multiple of 990?
True
Is 6 a factor of 529960374?
True
Is 11 a factor of 62863097?
True
Is 28 a factor of 25445140?
True
Is 12 a factor of 84044616?
True
Is 21992835 a multiple of 15?
True
Is 2413887 even?
False
Is 6 a factor of 151370709?
False
Is 6 a factor of 379131408?
True
Does 6 divide 17186676?
True
Is 122 a factor of 1427250062?
True
Does 19 